when 445372962 is divided by 1874.
1870
Calculate the remainder when 14873128 is divided by 470.
448
Calculate the remainder when 10965658 is divided by 83706.
172
What is the remainder when 196114 is divided by 5705?
2144
Calculate the remainder when 300817527 is divided by 78.
75
Calculate the remainder when 48343678 is divided by 27.
16
What is the remainder when 620263 is divided by 2912?
7
What is the remainder when 217931 is divided by 170?
161
What is the remainder when 84461 is divided by 3670?
51
What is the remainder when 186025 is divided by 10941?
28
Calculate the remainder when 1073355 is divided by 245.
10
What is the remainder when 6861960 is divided by 636?
156
Calculate the remainder when 108186 is divided by 52373.
3440
What is the remainder when 1533258 is divided by 108?
90
What is the remainder when 680338809 is divided by 10?
9
Calculate the remainder when 87097190 is divided by 21774284.
54
What is the remainder when 6940390 is divided by 162?
148
Calculate the remainder when 7874 is divided by 557.
76
What is the remainder when 521184 is divided by 108?
84
What is the remainder when 11965 is divided by 704?
701
What is the remainder when 4170975 is divided by 14235?
120
What is the remainder when 423621 is divided by 35301?
9
Calculate the remainder when 674286 is divided by 3549.
3525
What is the remainder when 6078008 is divided by 372?
272
What is the remainder when 16456255 is divided by 64?
63
Calculate the remainder when 165227 is divided by 3109.
450
What is the remainder when 13710 is divided by 428?
14
Calculate the remainder when 592238606 is divided by 41.
2
What is the remainder when 22046 is divided by 3774?
3176
What is the remainder when 295945647 is divided by 8541?
8538
What is the remainder when 19773 is divided by 9213?
1347
Calculate the remainder when 14087176 is divided by 1230.
1216
Calculate the remainder when 41682 is divided by 10343.
310
What is the remainder when 904871250 is divided by 1131?
1128
What is the remainder when 2282731 is divided by 126787?
565
What is the remainder when 82497239 is divided by 7796?
7763
Calculate the remainder when 3372836 is divided by 1442.
1440
Calculate the remainder when 5399 is divided by 1072.
39
What is the remainder when 19364 is divided by 9221?
922
Calculate the remainder when 591148 is divided by 175.
173
What is the remainder when 222958 is divided by 5790?
2938
What is the remainder when 49674094 is divided by 12?
10
What is the remainder when 1043907 is divided by 521935?
37
What is the remainder when 813437 is divided by 135568?
29
What is the remainder when 865543973 is divided by 2154?
2153
Calculate the remainder when 36537993 is divided by 579967.
72
What is the remainder when 13335221 is divided by 1830?
11
Calculate the remainder when 20413291 is divided by 1815.
1801
Calculate the remainder when 474509 is divided by 3274.
3053
Calculate the remainder when 160002 is divided by 2453.
557
Calculate the remainder when 353828 is divided by 176863.
102
Calculate the remainder when 5049883 is divided by 117435.
178
Calculate the remainder when 2789470 is divided by 126794.
2
What is the remainder when 89440 is divided by 122?
14
What is the remainder when 382802 is divided by 1244?
894
What is the remainder when 1204602 is divided by 60?
42
Calculate the remainder when 3799823 is divided by 99.
5
Calculate the remainder when 464064 is divided by 154566.
366
What is the remainder when 276446 is divided by 1645?
86
Calculate the remainder when 164573384 is divided by 615.
614
Calculate the remainder when 2590 is divided by 19.
6
Calculate the remainder when 14323124 is divided by 56.
4
Calculate the remainder when 81557 is divided by 1248.
437
What is the remainder when 72012844 is divided by 24004277?
13
What is the remainder when 5129447 is divided by 52?
11
Calculate the remainder when 125785 is divided by 25039.
590
Calculate the remainder when 628475 is divided by 628409.
66
What is the remainder when 70252 is divided by 32816?
4620
Calculate the remainder when 147297 is divided by 36061.
3053
What is the remainder when 59473070 is divided by 59473029?
41
Calculate the remainder when 38630794 is divided by 123028.
2
Calculate the remainder when 138887234 is divided by 2881.
2867
Calculate the remainder when 37267002 is divided by 30.
12
Calculate the remainder when 69536 is divided by 68171.
1365
Calculate the remainder when 1626854 is divided by 406632.
326
Calculate the remainder when 475572414 is divided by 1496.
1494
What is the remainder when 540564 is divided by 9162?
6
Calculate the remainder when 155132747 is divided by 50.
47
Calculate the remainder when 1203330 is divided by 57.
3
Calculate the remainder when 10002104 is divided by 1557.
1493
Calculate the remainder when 492237119 is divided by 37.
34
Calculate the remainder when 155916558 is divided by 284001.
9
What is the remainder when 459947371 is divided by 1224?
1219
What is the remainder when 201236 is divided by 6407?
2619
Calculate the remainder when 2265245 is divided by 29.
26
Calculate the remainder when 1312287 is divided by 1312266.
21
What is the remainder when 84324 is divided by 26?
6
What is the remainder when 4370900 is divided by 38341?
26
Calculate the remainder when 1460331 is divided by 58395.
456
What is the remainder when 117769430 is divided by 117769427?
3
Calculate the remainder when 160442537 is divided by 73.
71
What is the remainder when 25198540 is divided by 1679902?
10
What is the remainder when 9415899 is divided by 527?
517
Calculate the remainder when 461205 is divided by 7951.
47
Calculate the remainder when 4603071 is divided by 8.
7
Calculate the remainder when 1288163 is divided by 34814.
45
What is the remainder when 16726055 is divided by 115?
110
What is the remainder when 308044 is divided by 5134?
4
What is the remainder when 136354 is divided by 29?
25
What is the remainder when 4852083 is divided by 134780?
3
Calculate the remainder when 342902 is divided by 85670.
222
What is the remainder when 380838 is divided by 469?
10
What is the remainder when 4851787 is divided by 52?
31
What is the remainder when 29293 is divided by 8247?
4552
Calculate the remainder when 6648696 is divided by 191.
177
Calculate the remainder when 41173 is divided by 571.
61
Calculate the remainder when 508535 is divided by 11053.
97
What is the remainder when 125372 is divided by 31298?
180
What is the remainder when 19822 is divided by 9653?
516
What is the remainder when 86257433 is divided by 4312871?
13
What is the remainder when 631119 is divided by 903?
825
Calculate the remainder when 15435122 is divided by 19.
16
Calculate the remainder when 245291 is divided by 1000.
291
What is the remainder when 1136061 is divided by 18?
9
What is the remainder when 17330 is divided by 3319?
735
Calculate the remainder when 2043833 is divided by 91.
64
Calculate the remainder when 1198705 is divided by 884.
1
Calculate the remainder when 5766804 is divided by 36.
0
Calculate the remainder when 1486199 is divided by 653.
624
Calculate the remainder when 81854 is divided by 389.
164
What is the remainder when 8160766 is divided by 4080321?
124
Calculate the remainder when 54705 is divided by 3903.
63
What is the remainder when 3764173 is divided by 2315?
2298
Calculate the remainder when 101115357 is divided by 802.
801
Calculate the remainder when 323946 is divided by 37.
11
Calculate the remainder when 70568782 is divided by 4917.
4915
Calculate the remainder when 4373846 is divided by 257279.
103
What is the remainder when 372108747 is divided by 6630?
6627
What is the remainder when 195087 is divided by 347?
73
What is the remainder when 12542449 is divided by 4991?
66
What is the remainder when 6457339 is divided by 216?
19
Calculate the remainder when 139779 is divided by 34943.
7
Calculate the remainder when 1235858 is divided by 24717.
8
Calculate the remainder when 3168623 is divided by 363.
359
Calculate the remainder when 421887 is divided by 209159.
3569
Calculate the remainder when 46915 is divided by 2797.
2163
What is the remainder when 7834318 is divided by 780?
778
Calculate the remainder when 975534 is divided by 498.
450
Calculate the remainde